{"id":74,"date":"2018-11-26T22:45:11","date_gmt":"2018-11-26T21:45:11","guid":{"rendered":"http:\/\/www.atpoiano.it\/wordpress\/?page_id=74"},"modified":"2024-09-16T11:37:50","modified_gmt":"2024-09-16T09:37:50","slug":"faq","status":"publish","type":"page","link":"https:\/\/new.atpoiano.it\/wordpress\/info\/faq\/","title":{"rendered":"FAQ"},"content":{"rendered":"<p>Chi pu\u00f2 giocare sui campi dell&#8217;ASSOCIAZIONE TENNIS POIANO a Verona?<\/p>\n<p><strong>Pu\u00f2 giocare chiunque purch\u00e8 sia Socio dell&#8217;A.T. Poiano e in regola con le quote sociali. Inoltre \u00e8 obbligatorio sottoscrivere la tessera Socio Fitp.<\/strong><\/p>\n<p>Come ci si associa?<\/p>\n<p><strong>Facendo la tessera dell&#8217;A.T. Poiano, che ha durata di 12 mesi dalla sottoscrizione.<\/strong><\/p>\n<p>Quando si fa la tessera dell&#8217;A.T. Poiano?<\/p>\n<p><strong>La Segreteria \u00e8 aperta il GIOVEDI&#8217; dalle ore 17:00 alle ore 19:00, presso i campi da tennis (Via Consolini, Poiano, Verona) oppure mandaci una email a <a href=\"mailto:atp@atpoiano.it\">atp@atpoiano.it<\/a> lasciandoci i tuoi riferimenti.<\/strong><\/p>\n<p>Quanto costa la tessera?<\/p>\n<p><strong>La tessera costa euro 40,00 per gli adulti e euro 25,00 per i ragazzi under 18, comprensiva della quota tessera Fit obbligatoria.<\/strong><\/p>\n<p>Quanto costa il campo l&#8217;ora?<\/p>\n<p><strong>Vedi pagina <a href=\"http:\/\/new.atpoiano.it\/wordpress\/costi\/\">COSTI<\/a>.<\/strong><\/p>\n<p>Come si prenota l&#8217;ora di gioco?<\/p>\n<p><strong>\u00c8 attivo il nuovo sistema di prenotazione.\u00a0Per i dettagli vedere la sessione <\/strong><a href=\"http:\/\/new.atpoiano.it\/wordpress\/atpnet\/\"><strong>ATPNET<\/strong><\/a><\/p>\n<p><strong>ART. 13 regolamento ATPNET<\/strong><\/p>\n<p><strong>Posso cancellare l&#8217;ora prenotata?<\/strong><\/p>\n<p>Si pu\u00f2 cancellare l&#8217;ora prenotata (ore saltuarie) fino ad un massimo di 36 ore antecedenti l&#8217;ora di gioco, entrando nel sistema con le proprie credenziali. Una volta cancellata l&#8217;ora il sistema automaticamente riaccrediter\u00e0 la somma precedentemente addebitata.<\/p>\n<p>Nel caso di cancellazione di un&#8217;ora salturaria successiva alle 36 ore (es. luned\u00ec alle ore 14 voglio cancellare l&#8217;ora del marted\u00ec alle ore 19) e per tutte le ORE FISSE INVERNALI, il sistema rimborser\u00e0 il 50% della tariffa piena (invernale o estiva) solo nel caso in cui l&#8217;ora sia prenotata da un altro socio.<\/p>\n<p>In caso contrario nulla sar\u00e0 rimborsato.<\/p>\n<p>Suggeriamo ai soci delle ore fisse invernali di liberare le ore se sanno di NON poterle giocare.<\/p>\n<p><strong>ART. 14 regolamento ATPNET<\/strong><\/p>\n<p><strong>Quanto tempo prima posso prenotare le luci?<\/strong><\/p>\n<p>Gi\u00e0 dalle 48 ore precedenti potrai prenotare la luce tramite il sito internet o il panel pc prima di entrare in campo (utilizzando sempre le stesse credenziali).<\/p>\n<p>Se hai prenotato un doppio dovrai accendere le luci per ogni ora prenotata.<\/p>\n<p>Si ricorda ai Soci quanto segue:<\/p>\n<p><strong>L&#8217;ORA DI GIOCO \u00c8 PREVISTA IN 56 MINUTI.<\/strong><\/p>\n<p>Al termine dell&#8217;ora il campo va tirato con la stuoia <strong>IN TUTTA LA SUA SUPERFICIE (tempo 2 minuti)<\/strong><\/p>\n<p>Chi inizia a giocare, in estate, deve bagnare il campo <strong>IN TUTTA LA SUA SUPERFICIE. (tempo 2 minuti)<\/strong><\/p>\n<p><strong>DEVI RINNOVARE LA TESSERA E NON RIESCI A PASSARE IN SEGRETERIA?<\/strong><\/p>\n<p>Se hai almeno 40 euro sul tuo account, mandaci una email a <a href=\"mailto:atp@atpoiano.it\">atp@atpoiano.it<\/a> oppure utilizza il <a href=\"http:\/\/new.atpoiano.it\/modulo-contatto\">Modulo di contatto<\/a>\u00a0e segnalaci la necessit\u00e0 di rinnovo e provvederemo noi scaldando direttamente dal tuo conto il dovuto. Potrai nei giorni successivi passare comodamente presso il circolo per ritirare la tessera cartacea.<\/p>\n<p>Si invitano i Soci a rispettare gli orari di gioco e di non proseguire nel gioco al termine della propria ora anche se il campo rimane successivamente libero.<\/p>\n<p>Gli abusi comporteranno provvedimenti da parte del Consiglio Direttivo; se ripetuti potranno giungere al ritiro della tessera.<\/p>\n<p>Il Consiglio Direttivo<\/p>\n<p>A.T. Poiano<\/p>\n","protected":false},"excerpt":{"rendered":"<p>Chi pu\u00f2 giocare sui campi dell&#8217;ASSOCIAZIONE TENNIS POIANO a Verona? Pu\u00f2 giocare chiunque purch\u00e8 sia Socio dell&#8217;A.T. Poiano e in<\/p>\n","protected":false},"author":7,"featured_media":0,"parent":76,"menu_order":0,"comment_status":"closed","ping_status":"closed","template":"","meta":{"footnotes":""},"class_list":["post-74","page","type-page","status-publish","hentry"],"_links":{"self":[{"href":"https:\/\/new.atpoiano.it\/wordpress\/wp-json\/wp\/v2\/pages\/74","targetHints":{"allow":["GET"]}}],"collection":[{"href":"https:\/\/new.atpoiano.it\/wordpress\/wp-json\/wp\/v2\/pages"}],"about":[{"href":"https:\/\/new.atpoiano.it\/wordpress\/wp-json\/wp\/v2\/types\/page"}],"author":[{"embeddable":true,"href":"https:\/\/new.atpoiano.it\/wordpress\/wp-json\/wp\/v2\/users\/7"}],"replies":[{"embeddable":true,"href":"https:\/\/new.atpoiano.it\/wordpress\/wp-json\/wp\/v2\/comments?post=74"}],"version-history":[{"count":7,"href":"https:\/\/new.atpoiano.it\/wordpress\/wp-json\/wp\/v2\/pages\/74\/revisions"}],"predecessor-version":[{"id":9063,"href":"https:\/\/new.atpoiano.it\/wordpress\/wp-json\/wp\/v2\/pages\/74\/revisions\/9063"}],"up":[{"embeddable":true,"href":"https:\/\/new.atpoiano.it\/wordpress\/wp-json\/wp\/v2\/pages\/76"}],"wp:attachment":[{"href":"https:\/\/new.atpoiano.it\/wordpress\/wp-json\/wp\/v2\/media?parent=74"}],"curies":[{"name":"wp","href":"https:\/\/api.w.org\/{rel}","templated":true}]}}