{"id":72,"date":"2018-11-25T11:25:57","date_gmt":"2018-11-25T10:25:57","guid":{"rendered":"http:\/\/www.atpoiano.it\/wordpress\/?page_id=72"},"modified":"2026-03-20T14:48:40","modified_gmt":"2026-03-20T13:48:40","slug":"sponsor","status":"publish","type":"page","link":"https:\/\/new.atpoiano.it\/wordpress\/sponsor\/","title":{"rendered":"SPONSOR"},"content":{"rendered":"\n<div class=\"wp-block-media-text is-stacked-on-mobile\"><figure class=\"wp-block-media-text__media\"><a href=\"https:\/\/ferrosport.it\/\" target=\"_blank\" rel=\" noreferrer noopener\"><img loading=\"lazy\" decoding=\"async\" width=\"860\" height=\"364\" src=\"https:\/\/new.atpoiano.it\/wordpress\/wp-content\/uploads\/2026\/03\/logo-ferrospor-1.png\" alt=\"\" class=\"wp-image-12407 size-full\" srcset=\"https:\/\/new.atpoiano.it\/wordpress\/wp-content\/uploads\/2026\/03\/logo-ferrospor-1.png 860w, https:\/\/new.atpoiano.it\/wordpress\/wp-content\/uploads\/2026\/03\/logo-ferrospor-1-320x135.png 320w, https:\/\/new.atpoiano.it\/wordpress\/wp-content\/uploads\/2026\/03\/logo-ferrospor-1-768x325.png 768w\" sizes=\"auto, (max-width: 860px) 100vw, 860px\" \/><\/a><\/figure><div class=\"wp-block-media-text__content\">\n<p><\/p>\n\n\n\n<p>Sconto in negozio riservato a tutti gli utenti di Simply Order i quali hanno diritto ad uno <strong>sconto del 20%<\/strong> su tutti gli articoli presenti nel negozio fisico in Via Nazionale 53, San Martino Buon Albergo Verona. Per usufruire dello sconto baster\u00e0 mostrare al commesso l\u2019accesso a Simply Order.<\/p>\n<\/div><\/div>\n\n\n\n<hr class=\"wp-block-separator has-alpha-channel-opacity\"\/>\n\n\n\n<div class=\"wp-block-media-text is-stacked-on-mobile\"><figure class=\"wp-block-media-text__media\"><a href=\"https:\/\/poliambulatorioiucopilla.it\" target=\"_blank\" rel=\" noreferrer noopener\"><img loading=\"lazy\" decoding=\"async\" width=\"1050\" height=\"282\" src=\"https:\/\/new.atpoiano.it\/wordpress\/wp-content\/uploads\/2025\/07\/logo.webp\" alt=\"\" class=\"wp-image-11204 size-full\" srcset=\"https:\/\/new.atpoiano.it\/wordpress\/wp-content\/uploads\/2025\/07\/logo.webp 1050w, https:\/\/new.atpoiano.it\/wordpress\/wp-content\/uploads\/2025\/07\/logo-320x86.webp 320w, https:\/\/new.atpoiano.it\/wordpress\/wp-content\/uploads\/2025\/07\/logo-768x206.webp 768w\" sizes=\"auto, (max-width: 1050px) 100vw, 1050px\" \/><\/a><\/figure><div class=\"wp-block-media-text__content\">\n<p><strong>IUCOPILLA<\/strong>: visite mediche specialistiche<\/p>\n\n\n\n<p><strong>Vantaggi per i soci:<\/strong> prezzi convenzionati per visite sportive agonistiche e non (<a href=\"https:\/\/new.atpoiano.it\/wordpress\/wp-content\/uploads\/2025\/07\/IMG-20250724-WA0002.jpg\" target=\"_blank\" rel=\"noreferrer noopener\">dettagli convenzione<\/a>)<\/p>\n\n\n\n<p><strong>Dove e contatti<\/strong>: Via Archimede 10 &#8211; 37036 San Martino Buon Albergo (VR) +39 045 2426477 Email<br><a href=\"mailto:info@poliambulatorioiucopilla.it\">info@poliambulatorioiucopilla.it<\/a> &#8211; <a href=\"https:\/\/poliambulatorioiucopilla.it\">https:\/\/poliambulatorioiucopilla.it<\/a><\/p>\n<\/div><\/div>\n\n\n\n<hr class=\"wp-block-separator has-alpha-channel-opacity\"\/>\n\n\n\n<div class=\"wp-block-media-text is-stacked-on-mobile\"><figure class=\"wp-block-media-text__media\"><a href=\"https:\/\/www.rinaldicase.it\/\" target=\"_blank\" rel=\" noreferrer noopener\"><img loading=\"lazy\" decoding=\"async\" width=\"1080\" height=\"271\" src=\"https:\/\/new.atpoiano.it\/wordpress\/wp-content\/uploads\/2025\/07\/RinaldiCase-1080x271.jpg\" alt=\"\" class=\"wp-image-11166 size-full\" srcset=\"https:\/\/new.atpoiano.it\/wordpress\/wp-content\/uploads\/2025\/07\/RinaldiCase-1080x271.jpg 1080w, https:\/\/new.atpoiano.it\/wordpress\/wp-content\/uploads\/2025\/07\/RinaldiCase-320x80.jpg 320w, https:\/\/new.atpoiano.it\/wordpress\/wp-content\/uploads\/2025\/07\/RinaldiCase-768x193.jpg 768w, https:\/\/new.atpoiano.it\/wordpress\/wp-content\/uploads\/2025\/07\/RinaldiCase-1536x385.jpg 1536w, https:\/\/new.atpoiano.it\/wordpress\/wp-content\/uploads\/2025\/07\/RinaldiCase.jpg 1723w\" sizes=\"auto, (max-width: 1080px) 100vw, 1080px\" \/><\/a><\/figure><div class=\"wp-block-media-text__content\">\n<p><strong>Agenzia immobiliare Rinaldi Case a Montorio e Borgo Venezia<\/strong><\/p>\n<\/div><\/div>\n\n\n\n<hr class=\"wp-block-separator has-alpha-channel-opacity\"\/>\n\n\n\n<div class=\"wp-block-media-text is-stacked-on-mobile\"><figure class=\"wp-block-media-text__media\"><a href=\"https:\/\/www.infermentum.it\/\" target=\"_blank\" rel=\" noreferrer noopener\"><img loading=\"lazy\" decoding=\"async\" width=\"409\" height=\"123\" src=\"https:\/\/new.atpoiano.it\/wordpress\/wp-content\/uploads\/2025\/07\/infermentum.png\" alt=\"\" class=\"wp-image-11167 size-full\" srcset=\"https:\/\/new.atpoiano.it\/wordpress\/wp-content\/uploads\/2025\/07\/infermentum.png 409w, https:\/\/new.atpoiano.it\/wordpress\/wp-content\/uploads\/2025\/07\/infermentum-320x96.png 320w\" sizes=\"auto, (max-width: 409px) 100vw, 409px\" \/><\/a><\/figure><div class=\"wp-block-media-text__content\">\n<p><strong>Vantaggi per i soci<\/strong>: sconto del 15%&nbsp;presso il negozio&nbsp;Infermentum&nbsp;di Stallavena (VR) e&nbsp;online sul sito&nbsp;<a href=\"https:\/\/atpoiano.us6.list-manage.com\/track\/click?u=5eb70495c660535ddcdf718e0&amp;id=efa364c0bd&amp;e=aad67a1b40\" target=\"_blank\" rel=\"noreferrer noopener\">www.infermentum.it<\/a>&nbsp;inserendo il coupon&nbsp;<strong>TENNISPOIANO15<\/strong>.<\/p>\n\n\n\n<p><strong>Dove e contatti<\/strong>: Sede legale Via Copernico 38, 37023 Stallavena (Verona) tel. +39 045 511 8710<br>mail&nbsp;<a href=\"mailto:info@infermentum.it\">info@infermentum.it<\/a><\/p>\n<\/div><\/div>\n\n\n\n<hr class=\"wp-block-separator has-alpha-channel-opacity\"\/>\n\n\n\n<figure class=\"wp-block-image\"><a href=\"https:\/\/www.redoro.it\/\" target=\"_blank\" rel=\" noreferrer noopener\"><img loading=\"lazy\" decoding=\"async\" width=\"187\" height=\"109\" src=\"http:\/\/www.atpoiano.it\/wordpress\/wp-content\/uploads\/2018\/11\/redoro.png\" alt=\"\" class=\"wp-image-50\"\/><\/a><\/figure>\n\n\n\n<p><\/p>\n\n\n\n<p><strong>Redoro<\/strong>: Olive italiane al 100% senza OGM. Prima spremitura a freddo. Origine geografica e qualit\u00e0 certificata. Lavorazione artigianale controllata direttamente nei nostri frantoi veneti. Redoro l&#8217;olio extravergine di oliva fatto ad arte dal 1895.<\/p>\n\n\n\n<p><strong>Vantaggi per i soci<\/strong>: 10% di sconto presso punto vendita di Grezzana<\/p>\n\n\n\n<p><strong>Dove e contatti<\/strong>: Via Marconi, 30 &#8211; Grezzana (Verona) 045 907622<\/p>\n\n\n\n<p>&nbsp;<\/p>\n\n\n\n<hr class=\"wp-block-separator has-alpha-channel-opacity\"\/>\n\n\n\n<figure class=\"wp-block-image\"><img loading=\"lazy\" decoding=\"async\" width=\"150\" height=\"48\" src=\"http:\/\/www.atpoiano.it\/wordpress\/wp-content\/uploads\/2018\/11\/Logo-Elettro90.jpg\" alt=\"\" class=\"wp-image-245\"\/><\/figure>\n\n\n\n<p><\/p>\n\n\n\n<p><strong>Elettro90:<\/strong> Impianti elettrici industriali, fornitura, posa in opera e assistenza altamente qualificata. Specializzato in assistenza a Primarie Industrie Farmaceutiche come Glaxo, Pierrel, Smith&amp;Kline.<\/p>\n\n\n\n<p><strong>Vantaggi per i soci<\/strong>: Sconti personalizzati a seconda del tipo di contratto<\/p>\n\n\n\n<p><strong>Dove e contatti<\/strong>: Via Rupiano 1d-Alcenago di Grezzana &#8211; Verona 045 8668122<\/p>\n\n\n\n<p>&nbsp;<\/p>\n\n\n\n<p>&nbsp;<\/p>\n\n\n\n<hr class=\"wp-block-separator has-alpha-channel-opacity\"\/>\n\n\n\n<figure class=\"wp-block-image\"><img loading=\"lazy\" decoding=\"async\" width=\"150\" height=\"103\" src=\"http:\/\/www.atpoiano.it\/wordpress\/wp-content\/uploads\/2018\/11\/ITastefood.jpg\" alt=\"\" class=\"wp-image-48\"\/><\/figure>\n\n\n\n<p><\/p>\n\n\n\n<p><strong>ITastefood<\/strong>: ITaste \u00e8 il posto dove mangiare prodotti di qualit\u00e0 spendendo il giusto, in un ambiente belle arredato con finiture di pregio. Ottimo per gli aperitivi con gli amici e per la degustazione di buonissima birra artigianale. Ideale per cede in compagnia di amici, con la famiglia, con i colleghi.<\/p>\n\n\n\n<p><strong>Vantaggi per i soci<\/strong>: 10% di sconto per i soci dal luned\u00ec al venerd\u00ec. 15% per comitive da 10 persone e pi\u00f9.<\/p>\n\n\n\n<p><strong>Dove e contatti<\/strong>: Via Tavigliana, 1\/A &#8211; Grezzana (VR) 045 8650862<\/p>\n\n\n\n<p>&nbsp;<\/p>\n\n\n\n<p>&nbsp;<\/p>\n\n\n\n<hr class=\"wp-block-separator has-alpha-channel-opacity\"\/>\n\n\n\n<figure class=\"wp-block-image\"><a href=\"https:\/\/www.gfproperties.it\/\" target=\"_blank\" rel=\" noreferrer noopener\"><img loading=\"lazy\" decoding=\"async\" width=\"200\" height=\"77\" src=\"http:\/\/www.atpoiano.it\/wordpress\/wp-content\/uploads\/2018\/11\/GF-Properties.png\" alt=\"\" class=\"wp-image-247\"\/><\/a><\/figure>\n\n\n\n<p><\/p>\n\n\n\n<p><strong>GF Properties<\/strong>: nuova realt\u00e0 nel mondo dell&#8217;immobiliare a Verona.<\/p>\n\n\n\n<p>Entusiasmo e professionalit\u00e0 vi accompagneranno alla ricerca della migliore soluzione sia nella compravendita che nell&#8217;affitto di qualsiasi immobile in citt\u00e0 e provincia.<\/p>\n\n\n\n<p><strong>Vantaggi per i soci<\/strong>: Agevolazioni per i soci, da concordare di volta in volta.<\/p>\n\n\n\n<p><strong>Dove e contatti<\/strong>: Via XX Settembre 62\/a &#8211; Verona 045 595160<\/p>\n\n\n\n<p>&nbsp;<\/p>\n\n\n\n<hr class=\"wp-block-separator has-alpha-channel-opacity\"\/>\n\n\n\n<p>&nbsp;<\/p>\n\n\n\n<figure class=\"wp-block-image\"><a href=\"https:\/\/www.pfmcontract.com\/\" target=\"_blank\" rel=\"attachment wp-att-4373 noreferrer noopener\"><img loading=\"lazy\" decoding=\"async\" width=\"320\" height=\"178\" src=\"https:\/\/new.atpoiano.it\/wordpress\/wp-content\/uploads\/2020\/03\/logo-pfm--320x178.png\" alt=\"\" class=\"wp-image-4373\" srcset=\"https:\/\/new.atpoiano.it\/wordpress\/wp-content\/uploads\/2020\/03\/logo-pfm--320x178.png 320w, https:\/\/new.atpoiano.it\/wordpress\/wp-content\/uploads\/2020\/03\/logo-pfm-.png 619w\" sizes=\"auto, (max-width: 320px) 100vw, 320px\" \/><\/a><\/figure>\n\n\n\n<p><\/p>\n\n\n\n<p><strong>pfm Contract<\/strong>: si propone di soddisfare le richieste del mercato inerenti al settore dell\u2019Edilizia, degli Interni e del \u201cContract\u201d in generale.<\/p>\n\n\n\n<p>Ci rivolgiamo a <strong>privati<\/strong>, Studi di Architettura, Designers, Studio Tecnici, Imprese Edili che hanno necessit\u00e0 di interagire nei tempi richiesti con un interlocutore capace, profondo conoscitore del mercato e che sappia offrire le soluzioni pi\u00f9 adeguate ai progetti da realizzare.<br>Pfm Contract \u00e8 costantemente aggiornata sull\u2019evoluzione dei prodotti, attenta a soddisfare una Committenza divenuta sempre pi\u00f9 preparata ed esigente, utilizzando mezzi e strumentazioni tecnologicamente avanzate.<\/p>\n\n\n\n<p><strong>Vantaggi per i soci<\/strong>: Agevolazioni per i soci, da concordare di volta in volta.<\/p>\n\n\n\n<p><strong>Dove e contatti<\/strong>: Via Arnoldo Mondadori 30 &#8211; 37131 Verona &#8211; 045 4685966<\/p>\n\n\n\n<p>&nbsp;<\/p>\n\n\n\n<p>&nbsp;<\/p>\n\n\n\n<hr class=\"wp-block-separator has-alpha-channel-opacity\"\/>\n\n\n\n<figure class=\"wp-block-image\"><a href=\"https:\/\/new.atpoiano.it\/wordpress\/sponsor\/logo-progetto-benessere\/\" rel=\"attachment wp-att-4375\"><img loading=\"lazy\" decoding=\"async\" width=\"320\" height=\"111\" src=\"https:\/\/new.atpoiano.it\/wordpress\/wp-content\/uploads\/2020\/03\/Logo-PROGETTO-BENESSERE-320x111.png\" alt=\"\" class=\"wp-image-4375\" srcset=\"https:\/\/new.atpoiano.it\/wordpress\/wp-content\/uploads\/2020\/03\/Logo-PROGETTO-BENESSERE-320x111.png 320w, https:\/\/new.atpoiano.it\/wordpress\/wp-content\/uploads\/2020\/03\/Logo-PROGETTO-BENESSERE.png 768w\" sizes=\"auto, (max-width: 320px) 100vw, 320px\" \/><\/a><\/figure>\n\n\n\n<p><strong>PROGETTO BENESSERE<\/strong>: Siamo una associazione sportiva riconosciuta dal C.o.n.i. con finalit\u00e0 di promozione sportiva a diversi livelli. Ci occupiamo di fitness e benessere. Il nostro obiettivo principale \u00e8 dare massima importanza al rapporto umano attraverso un percorso di conoscenza, per ottenere il massimo delle informazioni pneumo-psico-soma con lo scopo ultimo ti personalizzare il percorso di benessere.<\/p>\n\n\n\n<p><strong>Vantaggi per i soci<\/strong>: Agevolazioni per i soci, da concordare di volta in volta.<\/p>\n\n\n\n<p><strong>Dove e contatti<\/strong>: Via Berbera 19 &#8211; 37131 &#8211; Verona&nbsp; &#8211; TEL. 045 2223169<\/p>\n\n\n\n<p>&nbsp;<\/p>\n\n\n\n<p>&nbsp;<\/p>\n\n\n\n<hr class=\"wp-block-separator has-alpha-channel-opacity\"\/>\n\n\n\n<figure class=\"wp-block-image\"><a href=\"https:\/\/www.facebook.com\/amtennislabverona\/?locale=it_IT\" target=\"_blank\" rel=\"attachment wp-att-4376 noreferrer noopener\"><img loading=\"lazy\" decoding=\"async\" width=\"303\" height=\"269\" src=\"https:\/\/new.atpoiano.it\/wordpress\/wp-content\/uploads\/2020\/03\/69858793_3001925723167229_4433396101994774528_o.jpg\" alt=\"\" class=\"wp-image-4376\"\/><\/a><\/figure>\n\n\n\n<p><\/p>\n\n\n\n<p><strong>AM Tennis Lab &#8211; Professional Tennis Service<\/strong>: Racquet custom service, Centro diagnosi computerizzato, Matching &amp; Tuning, Modifica impugnature.<\/p>\n\n\n\n<p><strong>Vantaggi per i soci<\/strong>: Agevolazioni per i soci, da concordare di volta in volta.<\/p>\n\n\n\n<p><strong>Dove e contatti<\/strong>: Via Carlo Cipolla 31 &#8211; 37131 Verona &#8211; 340 167 9880<\/p>\n\n\n\n<p>&nbsp;<\/p>\n\n\n\n<p>&nbsp;<\/p>\n\n\n\n<hr class=\"wp-block-separator has-alpha-channel-opacity\"\/>\n\n\n\n<figure class=\"wp-block-image\"><img loading=\"lazy\" decoding=\"async\" width=\"150\" height=\"92\" src=\"http:\/\/www.atpoiano.it\/wordpress\/wp-content\/uploads\/2018\/11\/Logo-AnimaEstetica.jpg\" alt=\"\" class=\"wp-image-246\"\/><\/figure>\n\n\n\n<p><\/p>\n\n\n\n<p><strong>Anima Estetika<\/strong>: Tutti i servizi alla persona, dalla cura della cute attraverso Peeling, manicure, pedicure, insieme ad ogni tipo di massaggio linfodrenante, rilassante, rinvigorente. Particolare attenzione al Fashion con cerette, trattamenti viso e corpo, mediante l&#8217;utilizzo di prodotti di altissima qualit\u00e0, frutto della ricerca delle pi\u00f9 importanti Maison dell&#8217;estetica mondiale.<\/p>\n\n\n\n<p><strong>Vantaggi per i soci<\/strong>: Sconto 20% su tutti i trattamenti viso e corpo di estetica avanzata. Sconto 10% su tutti i trattamenti di estetica di base.<\/p>\n\n\n\n<p><strong>Dove e contatti<\/strong>: Via Valpantena, 20 &#8211; Quinto (VR) 045 550023<\/p>\n\n\n\n<hr class=\"wp-block-separator has-alpha-channel-opacity\"\/>\n","protected":false},"excerpt":{"rendered":"<p>Sconto in negozio riservato a tutti gli utenti di Simply Order i quali hanno diritto ad uno sconto del 20%<\/p>\n","protected":false},"author":7,"featured_media":0,"parent":0,"menu_order":0,"comment_status":"closed","ping_status":"closed","template":"","meta":{"footnotes":""},"class_list":["post-72","page","type-page","status-publish","hentry"],"_links":{"self":[{"href":"https:\/\/new.atpoiano.it\/wordpress\/wp-json\/wp\/v2\/pages\/72","targetHints":{"allow":["GET"]}}],"collection":[{"href":"https:\/\/new.atpoiano.it\/wordpress\/wp-json\/wp\/v2\/pages"}],"about":[{"href":"https:\/\/new.atpoiano.it\/wordpress\/wp-json\/wp\/v2\/types\/page"}],"author":[{"embeddable":true,"href":"https:\/\/new.atpoiano.it\/wordpress\/wp-json\/wp\/v2\/users\/7"}],"replies":[{"embeddable":true,"href":"https:\/\/new.atpoiano.it\/wordpress\/wp-json\/wp\/v2\/comments?post=72"}],"version-history":[{"count":18,"href":"https:\/\/new.atpoiano.it\/wordpress\/wp-json\/wp\/v2\/pages\/72\/revisions"}],"predecessor-version":[{"id":12416,"href":"https:\/\/new.atpoiano.it\/wordpress\/wp-json\/wp\/v2\/pages\/72\/revisions\/12416"}],"wp:attachment":[{"href":"https:\/\/new.atpoiano.it\/wordpress\/wp-json\/wp\/v2\/media?parent=72"}],"curies":[{"name":"wp","href":"https:\/\/api.w.org\/{rel}","templated":true}]}}