{"id":62,"date":"2018-11-26T22:17:04","date_gmt":"2018-11-26T21:17:04","guid":{"rendered":"http:\/\/www.atpoiano.it\/wordpress\/?page_id=62"},"modified":"2026-01-07T10:07:27","modified_gmt":"2026-01-07T09:07:27","slug":"costi","status":"publish","type":"page","link":"https:\/\/new.atpoiano.it\/wordpress\/costi\/","title":{"rendered":"COSTI"},"content":{"rendered":"<hr \/>\n<h4><span style=\"color: #ff0000;\">Il TESSERAMENTO, LE TARIFFE ORARIE DI GIOCO E LE RICARICHE DEL CREDITO GIOCO<\/span><\/h4>\n<h5 style=\"text-align: left;\"><b><span style=\"color: #ff0000;\">IL TESSERAMENTO SOCIALE<\/span><br \/><\/b><\/h5>\n<p><strong>La Tessera Ragazzo (under 18):\u00a0 euro 25,00\u00a0\u00a0\u00a0 &#8211;\u00a0\u00a0\u00a0 La Tessera adulto:\u00a0 euro 40,00<\/strong><\/p>\n<p><a href=\"https:\/\/new.atpoiano.it\/wordpress\/costi\/atp-tessera-sociale-b\/\" rel=\"attachment wp-att-4040\"><img loading=\"lazy\" decoding=\"async\" class=\"wp-image-4040 alignleft\" src=\"https:\/\/new.atpoiano.it\/wordpress\/wp-content\/uploads\/2019\/11\/ATP-Tessera-sociale-B-320x448.jpg\" alt=\"\" width=\"94\" height=\"132\" srcset=\"https:\/\/new.atpoiano.it\/wordpress\/wp-content\/uploads\/2019\/11\/ATP-Tessera-sociale-B-320x448.jpg 320w, https:\/\/new.atpoiano.it\/wordpress\/wp-content\/uploads\/2019\/11\/ATP-Tessera-sociale-B-768x1075.jpg 768w, https:\/\/new.atpoiano.it\/wordpress\/wp-content\/uploads\/2019\/11\/ATP-Tessera-sociale-B-960x1344.jpg 960w\" sizes=\"auto, (max-width: 94px) 100vw, 94px\" \/><\/a>La Tessera Sociale ha validit\u00e0 <strong>12 mesi<\/strong> dalla sottoscrizione. \u00c8 possibile associarsi in orario di segreteria il GIOVED\u00cc dalle ore 17.00 alle ore 19.00, presso la sede di Via Consolini a Poiano, oppure inviando una email a <a href=\"mailto:atp@atpoiano.it\">atp@atpoiano.it<\/a> oppure via whatsapp al n. 045 8700724 e lasciando tutti i riferimenti. Per tutti coloro che ricaricassero \u20ac 100,00 in un&#8217;unica soluzione, al momento del <span class=\"il\">rinnovo<\/span>\u00a0la tessera sociale sar\u00e0\u00a0<b>gratuita<\/b>, in questo caso \u00e8 sufficiente fare un bonifico di \u20ac 100,00 e mandare la contabile a\u00a0<a href=\"mailto:atp@atpoiano.it\" target=\"_blank\" rel=\"noopener\">atp@atpoiano.it<\/a>\u00a0\u2014 oppure ricaricare il proprio account con \u20ac 100,00 ed informarci con una email.<\/p>\n<p>\u00c8 <strong>OBBLIGATORIO<\/strong> essere in possesso di certificato medico non agonistico\/agonistico da inviare ai riferimenti indicati sopra.<\/p>\n<p>\u00c8 <strong>OBBLIGATORIO<\/strong> essere in possesso di tessera FITP non agonista\/agonista da sottoscrivere con il nostro circolo oppure altro circolo.<\/p>\n<p class=\"_aupe copyable-text x15bjb6t x1n2onr6\"><span class=\"_aupe copyable-text xkrh14z\">La tessera FITP non agonista con validit\u00e0 dal 1 gennaio al 31 gennaio dell&#8217;anno successivo ha un costo di 19 euro per gli over 16 (nati prima del 2010) e 13 euro per gli under 16 (nati dal 2010).<br \/><\/span><span class=\"_aupe copyable-text xkrh14z\">La tessera FITP agonista (obbligatorio certificato medico agonistico) con validit\u00e0 dal 1 gennaio al 31 gennaio dell&#8217;anno successivo ha un costo di 30 euro per gli over 16 quarta categoria e non classificati (nati prima del 2010), 40 euro per gli over 16 terza categoria (nati prima del 2010), 15 euro per gli under 16 quarta categoria e non classificati (nati dal 2010).<\/span><\/p>\n<h5><b><span style=\"color: #ff0000;\">LE TARIFFE<\/span><\/b><\/h5>\n<h6 style=\"text-align: left;\"><strong>TARIFFE ORARIE INVERNALI (quota oraria a campo)<\/strong><\/h6>\n<ul>\n<li><strong>Adulto euro 17,00 compresa quota luce e riscaldamento\u00a0\u00a0\u00a0 <\/strong><\/li>\n<li><strong>Ridotto euro 12,00 compresa quota luce e riscaldamento <\/strong>(prenotazione Ragazzo\/Ragazzo-Ragazzo\/Adulto)<\/li>\n<\/ul>\n<h6><strong>TARIFFE ORARIE ESTIVE (quota oraria a campo)<\/strong><\/h6>\n<ul>\n<li><strong>Adulto euro 10,00 + 2,00 quota luce \u00a0 \u00a0<\/strong><\/li>\n<li><strong>Ridotto euro 5,00 + 2,00 quota luce <\/strong>(prenotazione Ragazzo\/Ragazzo-Ragazzo\/Adulto)<\/li>\n<\/ul>\n<h5><span style=\"color: #ff0000;\"><strong>Le RICARICHE (le tesserine credito)<\/strong><\/span><\/h5>\n<p>Il &#8220;credito di gioco&#8221; sul proprio accont, pu\u00f2 essere ricaricato con le &#8220;tessere di ricarica&#8221; reperibili presso:<\/p>\n<ol>\n<li><strong>TABACCHERIA EMMEBI<\/strong> &#8211; Via Poiano (Verona)<\/li>\n<li><strong>EXPERT &#8211; LESO ELETTRODOMESTICI<\/strong> di\u00a0Leso Elettrodomestici s.r.l. &#8211; Via Unit\u00e0 d&#8217;Italia, 352 &#8211; Verona<\/li>\n<li>In <strong>SEGRETERIA del Circolo<\/strong> al Gioved\u00ec dalle 17:00 alle 19:00<\/li>\n<\/ol>\n<p><strong>Per i punti 1 e 2 il pagamento dovr\u00e0 essere effettuato esclusivamente in contanti.<\/strong><\/p>\n<p>Le ricariche hanno tre tipi di pezzatura: 20 Euro, 30 Euro e 50 Euro<\/p>\n<p style=\"text-align: left;\"><a href=\"https:\/\/new.atpoiano.it\/wordpress\/costi\/tesserina-ricarica-atpoiano-hres_pagina_2\/\" rel=\"attachment wp-att-4032\"><img loading=\"lazy\" decoding=\"async\" class=\"wp-image-4032 alignnone\" src=\"https:\/\/new.atpoiano.it\/wordpress\/wp-content\/uploads\/2019\/11\/Tesserina-Ricarica-ATPoiano-Hres_Pagina_2.jpg\" alt=\"\" width=\"104\" height=\"70\" \/><\/a> \u00a0 <a href=\"https:\/\/new.atpoiano.it\/wordpress\/costi\/tesserina-ricarica-atpoiano-hres_pagina_1\/\" rel=\"attachment wp-att-4031\"><img loading=\"lazy\" decoding=\"async\" class=\"wp-image-4031 alignnone\" src=\"https:\/\/new.atpoiano.it\/wordpress\/wp-content\/uploads\/2019\/11\/Tesserina-Ricarica-ATPoiano-Hres_Pagina_1.jpg\" alt=\"\" width=\"103\" height=\"69\" \/> \u00a0 <\/a><a href=\"https:\/\/new.atpoiano.it\/wordpress\/costi\/tesserina-ricarica-atpoiano-hres_pagina_3\/\" rel=\"attachment wp-att-4033\"><img loading=\"lazy\" decoding=\"async\" class=\"wp-image-4033 alignnone\" src=\"https:\/\/new.atpoiano.it\/wordpress\/wp-content\/uploads\/2019\/11\/Tesserina-Ricarica-ATPoiano-Hres_Pagina_3.jpg\" alt=\"\" width=\"103\" height=\"69\" \/><\/a><\/p>\n<div><span style=\"color: #ff0000;\"><strong>***** LA SEGRETERIA ONLINE *****<\/strong><\/span><\/div>\n<div>Ricordiamo che la Segreteria A.T.POIANO \u00e8 a disposizione:<br \/>&#8211; Presso la\u00a0Sede, solo il Gioved\u00ec dalle ore 17:00 alle 19:00, o Telefonicamente (negli stessi orari) allo\u00a0045 8700 724<br \/>&#8211; Via WhatsApp,\u00a0dalle 9:00 alle 19:00 (lun-ven), usando lo\u00a0<a href=\"https:\/\/wa.me\/message\/XETGA2ANR33PI1\">045 8700 724<\/a><br \/>&#8211; Via E-mail: dalle 9:00 alle 19:00 (lun-ven) all\u2019indirizzo\u00a0atp@atpoiano.it<\/div>\n<div>\u00a0<\/div>\n<hr \/>\n<h6 style=\"text-align: left;\"><span style=\"color: #ffffff;\"><strong>.<\/strong><\/span><\/h6>\n<h4><strong><span style=\"color: #0000ff;\">Non riesci a passare in Segreteria?<\/span><\/strong><\/h4>\n<ul>\n<li style=\"text-align: left;\"><span style=\"color: #0000ff;\">Devi rinnovare la Tessera<\/span><\/li>\n<li style=\"text-align: left;\"><span style=\"color: #0000ff;\">Vuoi farne una nuova<br \/><\/span><\/li>\n<li><span style=\"color: #0000ff;\">Devi ricaricare il Credito di Gioco (tagli ricariche da 30, 50, 100 euro &#8211; minimo 30,00 euro)<\/span><\/li>\n<\/ul>\n<p>\u00c8 possibile pagare tramite <strong>bonifico bancario<\/strong> intestato a ASD Tennis Poiano presso BANCO BPM con IBAN:<\/p>\n<p style=\"text-align: center;\"><strong>IT 82 M 05034 11717 0000 0005 5612 <\/strong><\/p>\n<p>specificando nella causale &#8220;rinnovo tessera sociale nome e cognome&#8221; o &#8220;nuovo tesseramento nome e cognome&#8221; o &#8220;Credito Gioco&#8221; e inviando poi una E-mail di avvenuto pagamento a <a href=\"mailto:atp@atpoiano.it\">atp@atpoiano.it<\/a><\/p>\n<p><strong>NEL CASO DI NUOVO TESSERAMENTO \u00c8 INDISPENSABILE presentare anche il CERTIFICATO MEDICO PER LA PRATICA SPORTIVA NON AGONISTICA<\/strong>, eventualmente anticipandone copia a mezzo email all&#8217;indirizzo <a href=\"mailto:atp@atpoiano.it\">atp@atpoiano.it<\/a><\/p>\n<p>Per ogni ulteriore informativa si rimanda all&#8217;articolo 6 del <a href=\"http:\/\/www.atpoiano.it\/wordpress\/wp-content\/uploads\/2018\/11\/RS.pdf\">Regolamento Sanitario della FITP reperibile qui<\/a>.<\/p>\n<p><span style=\"color: #ffffff;\">.<\/span><\/p>\n<h4><span style=\"color: #0000ff;\"><strong>Gli &#8220;Ospiti&#8221;<br \/><\/strong><\/span><\/h4>\n<p><strong>La figura dell&#8217; OSPITE ha lo scopo di far conoscere il Circolo a nuovi e potenziali associati.<\/strong><\/p>\n<p>\u00c8 possibile giocare presso il nostro circolo <strong>portando fino a cinque ospiti a tariffa ordinaria<\/strong>, mentre <strong>dal sesto in poi \u00e8 addebitata al socio una maggiorazione sull&#8217;ora di 3 euro<\/strong>, come \u00e8 prassi in molti altri circoli.<\/p>\n<p>Rimarr\u00e0 sempre facolt\u00e0 della Direzione premiare i soci che porteranno nuovi associati con l&#8217;azzeramento del contatore ospiti, quindi utilizzo virtuoso sar\u00e0 incentivato.<\/p>\n<p>In ogni caso la figura dell&#8217;ospite \u00e8 una eccezione, anche l&#8217;ospite deve essere munito di certificato medico per attivit\u00e0 non agonistica valido, nonch\u00e8 essere socio FITP presso un circolo affiliato per poter giocare.<\/p>\n\n\n<p><\/p>\n","protected":false},"excerpt":{"rendered":"<p>Il TESSERAMENTO, LE TARIFFE ORARIE DI GIOCO E LE RICARICHE DEL CREDITO GIOCO IL TESSERAMENTO SOCIALE La Tessera Ragazzo (under<\/p>\n","protected":false},"author":7,"featured_media":0,"parent":0,"menu_order":0,"comment_status":"closed","ping_status":"closed","template":"","meta":{"footnotes":""},"class_list":["post-62","page","type-page","status-publish","hentry"],"_links":{"self":[{"href":"https:\/\/new.atpoiano.it\/wordpress\/wp-json\/wp\/v2\/pages\/62","targetHints":{"allow":["GET"]}}],"collection":[{"href":"https:\/\/new.atpoiano.it\/wordpress\/wp-json\/wp\/v2\/pages"}],"about":[{"href":"https:\/\/new.atpoiano.it\/wordpress\/wp-json\/wp\/v2\/types\/page"}],"author":[{"embeddable":true,"href":"https:\/\/new.atpoiano.it\/wordpress\/wp-json\/wp\/v2\/users\/7"}],"replies":[{"embeddable":true,"href":"https:\/\/new.atpoiano.it\/wordpress\/wp-json\/wp\/v2\/comments?post=62"}],"version-history":[{"count":48,"href":"https:\/\/new.atpoiano.it\/wordpress\/wp-json\/wp\/v2\/pages\/62\/revisions"}],"predecessor-version":[{"id":12148,"href":"https:\/\/new.atpoiano.it\/wordpress\/wp-json\/wp\/v2\/pages\/62\/revisions\/12148"}],"wp:attachment":[{"href":"https:\/\/new.atpoiano.it\/wordpress\/wp-json\/wp\/v2\/media?parent=62"}],"curies":[{"name":"wp","href":"https:\/\/api.w.org\/{rel}","templated":true}]}}